Convert 344520 (base 8) to base 9.
187530
What is -32031103 (base 4) in base 3?
-2221211101
What is 1111110010101010011 (base 2) in base 13?
1516b7
-18202 (base 16) to base 13
-35c95
Convert 17b73 (base 14) to base 9.
101124
What is -2534ba (base 16) in base 12?
-9970a2
What is -10411424 (base 5) in base 10?
-91489
Convert -153187 (base 9) to base 4.
-112333321
2221233221 (base 4) to base 3
1022022201212
What is -2ada26 (base 14) in base 5?
-340404344
Convert 202210012110 (base 3) to base 2.
1100011111000011100
-4204423000 (base 5) to base 2
-100001000100110010100111
Convert 23765a4 (base 11) to base 10.
4137467
40001 (base 13) to base 4
123321011
-110223033 (base 4) to base 5
-10202222
Convert 4a9915 (base 13) to base 3.
10101001021212
131b3b (base 13) to base 9
772433
Convert -77c87 (base 13) to base 15.
-44665
Convert 61ba087 (base 12) to base 3.
1021122100001211
2808830 (base 10) to base 8
12555776
Convert 100100100111000111010100 (base 2) to base 6.
541412220
-11400031 (base 5) to base 12
-515b6
Convert 329c6 (base 13) to base 2.
10110011001110000
What is -297005 (base 11) in base 10?
-463193
What is -2012031323 (base 4) in base 16?
-8637b
Convert c9b87 (base 15) to base 6.
21421101
311432 (base 7) to base 13
1b3b6
-734469 (base 11) to base 8
-4373113
What is -1001011111000111010010 (base 2) in base 5?
-1114033423
Convert 104335550 (base 6) to base 12.
7745b6
Convert 746736 (base 9) to base 7.
3531045
-31132a (base 11) to base 12
-2010a8
What is 6cca2 (base 13) in base 4?
300303102
What is 53a748 (base 11) in base 14?
186907
What is 11010010101110000 (base 2) in base 16?
1a570
What is 113032210033 (base 4) in base 3?
102110100111121
Convert -15b719 (base 13) to base 16.
-83b4e
-73005072 (base 8) to base 12
-522004a
450ba8 (base 13) to base 9
3053812
Convert -1111201211220 (base 3) to base 15.
-10c879
57913 (base 10) to base 8
161071
Convert -340242102 (base 5) to base 2.
-101101100100110011010
Convert 212201220021122 (base 3) to base 13.
27c8abc
131103 (base 10) to base 13
4789b
Convert -210120020212001 (base 3) to base 13.
-24b3581
1094822 (base 14) to base 7
124021442
Convert -21303761 (base 8) to base 16.
-4587f1
What is -21012133 (base 5) in base 12?
-83bb5
Convert 103516 (base 7) to base 11.
1265a
-5076447 (base 8) to base 6
-44440251
Convert 273b88 (base 12) to base 10.
649688
What is 74c76 (base 15) in base 5?
43330221
Convert -102220222010 (base 3) to base 6.
-5010350
Convert -12545221 (base 6) to base 3.
-210021001011
-2121122212010 (base 3) to base 5
-324001302
101691 (base 14) to base 3
1000112022022
-21120211201122 (base 3) to base 4
-33120112130
-42841 (base 11) to base 15
-13694
What is 48651 (base 13) in base 9?
222266
-279752 (base 13) to base 5
-221313121
What is -1689a87 (base 13) in base 8?
-33672665
Convert 41110412 (base 6) to base 16.
11f048
What is 51340103 (base 7) in base 11?
2474257
1108976 (base 10) to base 2
100001110101111110000
What is -63714 (base 10) in base 9?
-106353
21100032212 (base 4) to base 3
11120020112012
What is -152829 (base 16) in base 9?
-2542866
What is 9b23 (base 15) in base 14?
bdab
Convert -4dc92a (base 14) to base 2.
-1010001111100111111010
-1763000 (base 9) to base 8
-3606341
2425502 (base 7) to base 14
80a02
-398c0 (base 15) to base 3
-100100201100
Convert 1032133102 (base 4) to base 7.
2506201
Convert 33666 (base 12) to base 5.
4141314
What is 101111110100000 (base 2) in base 12?
12200
Convert -9a3486 (base 12) to base 4.
-21112303212
Convert -79b28 (base 15) to base 5.
-44343023
Convert -100111010011010111100001 (base 2) to base 14.
-1522a09
73c58 (base 13) to base 8
627353
-8297286 (base 10) to base 2
-11111101001101101000110
What is 131663 (base 10) in base 7?
1055600
What is 305110 (base 6) in base 10?
24450
What is -15113011 (base 6) in base 13?
-154045
What is -843871 (base 10) in base 16?
-ce05f
What is -201222110200222 (base 3) in base 12?
-3680aa5
What is 313020045 (base 6) in base 10?
5461373
155a033 (base 11) to base 5
1140211432
What is -464035 (base 8) in base 9?
-260320
What is 10212011011 (base 3) in base 4?
102202120
What is 24240 (base 6) in base 11?
273a
-14355 (base 14) to base 11
-34675
What is -28a252 (base 12) in base 5?
-133244212
23144101 (base 6) to base 15
e1701
Convert 532006 (base 15) to base 5.
2003034011
What is 3421131 (base 5) in base 3?
10002101112
Convert -aa4b2b (base 16) to base 13.
-2409a86
Convert 26a9b8 (base 14) to base 16.
1460d6
What is -27251251 (base 8) in base 9?
-12451525
Convert 21011010202 (base 3) to base 7.
1124330
111000111001011101 (base 2) to base 10
233053
What is -20323130 (base 4) in base 3?
-1212011112
-7e5cc (base 16) to base 5
-113030310
Convert -107556 (base 10) to base 5.
-11420211
What is 111023514 (base 6) in base 11?
1152964
Convert 110111011000010110110 (base 2) to base 8.
6730266
-7422521 (base 8) to base 12
-7b3381
Convert -1293846 (base 12) to base 5.
-1420123122
-5a5ad2 (base 15) to base 16
-41f48f
What is -c6c31a (base 14) in base 4?
-121220013210
Convert -130223131 (base 4) to base 9.
-188121
What is 9614c0 (base 14) in base 13?
1088a36
What is -786e9 (base 15) in base 16?
-5d7e0
What is 12b629 (base 13) in base 2?
1101110101111111111
-a4bb5 (base 15) to base 8
-1774233
-1a29c03 (base 13) to base 8
-40701251
What is -13c4 (base 13) in base 8?
-5460
Convert -8c76 (base 14) to base 16.
-5f58
What is -60e04 (base 16) in base 3?
-202011022110
Convert 6494ba (base 12) to base 7.
16351000
What is -10100111120 (base 3) in base 9?
-110446
Convert 10110001010011111 (base 2) to base 13.
32424
What is -256181 (base 15) in base 12?
-725387
Convert 454a04 (base 12) to base 2.
100001110010110100100
What is -23354324 (base 6) in base 8?
-2623014
-690719 (base 12) to base 2
-110011010010100000101
1313133212 (base 5) to base 3
20010101121120
Convert 46152 (base 9) to base 12.
15962
What is -5624972 (base 10) in base 4?
-111131102030
-3dbd1 (base 16) to base 3
-110211212222
2a41560 (base 11) to base 14
99a30a
Convert -37879b (base 12) to base 7.
-10464101
What is 12a104c (base 14) in base 11?
5091a38
What is -223233 (base 7) in base 4?
-21222033
What is 132133021 (base 4) in base 6?
2402041
Convert 58383 (base 9) to base 2.
1001100000101011
What is -1b37480 (base 13) in base 14?
-12a880a
What is -342213 (base 7) in base 15?
-13049
What is -4cbd3 (base 14) in base 8?
-561005
-1122364 (base 7) to base 2
-100010001101101001
What is -11001111010101110 (base 2) in base 3?
-12101121210
What is -11047 (base 15) in base 14?
-159bd
Convert 6457174 (base 10) to base 4.
120220131112
2133210231 (base 4) to base 15
cd9e3
What is 2044133 (base 5) in base 16?
85f5
Convert 11202201102 (base 3) to base 14.
262a8
-20221120202022 (base 3) to base 13
-9c3749
Convert -12331651 (base 7) to base 3.
-2002202102111
What is 4044c (base 16) in base 12?
108410
What is -153533 (base 9) in base 5?
-11010401
What is 101101100100100100010 (base 2) in base 12?
600202
Convert 21101202010100 (base 3) to base 8.
16776703
What is 10475125 (base 9) in base 5?
2244200331
Convert 423041142 (base 5) to base 14.
3405cd
Convert -504654 (base 7) to base 2.
-10100111011101100
What is -236610 (base 10) in base 7?
-2003553
Convert -53265255 (base 7) to base 4.
-101033221113
Convert -2225260 (base 10) to base 3.
-11012001111001
-111204110 (base 6) to base 8
-7556412
Convert 11100101000001011 (base 2) to base 9.
187757
Convert 3625017 (base 8) to base 16.
f2a0f
Convert -2a766 (base 12) to base 3.
-10001002020
What is -ac6e7b (base 15) in base 13?
-191c834
10101010010001100000110 (base 2) to base 8
25221406
What is -15540020 (base 7) in base 3?
-2211111002002
What is 422015342 (base 6) in base 9?
14778388
What is -1a4313 (base 12) in base 11?
-297300
What is -511323501 (base 6) in base 16?
-85893d
-1141031 (base 9) to base 15
-c2e61
Convert -110829 (base 14) to base 16.
-8d135
-102534151 (base 6) to base 4
-12323200303
What is 3113110 (base 5) in base 2?
1100011101010110
What is -368a5 (base 15) in base 16?
-2a800
What is 103113444 (base 5) in base 14?
b6db7
6635774 (base 10) to base 15
8b124e
-79232 (base 10) to base 11
-5458a
Convert -1128821 (base 9) to base 14.
-11c4b5
Convert 1020213241 (base 5) to base 3.
10222112120011
-10010100101001100111 (base 2) to base 16
-94a67
What